{"id":8,"date":"2009-11-17T12:33:27","date_gmt":"2009-11-17T11:33:27","guid":{"rendered":"http:\/\/www.amicidellaterra-nebrodi.org\/blog\/?page_id=8"},"modified":"2022-01-22T06:21:59","modified_gmt":"2022-01-22T05:21:59","slug":"lassociazione","status":"publish","type":"page","link":"https:\/\/www.amicidellaterra-nebrodi.org\/blog\/?page_id=8","title":{"rendered":"L&#8217; Associazione"},"content":{"rendered":"<p style=\"text-align: justify;\">\n<p style=\"text-align: justify;\">Gli <strong>Amici della Terra<\/strong>\u00a0 in Italia sono attivi in Italia da oltre 25 anni. Hanno sedi nelle principali citt\u00e0 e sono riconosciuti dal Ministero dell&#8217;Ambiente.<\/p>\n<p style=\"text-align: justify;\">Promuovono politiche e comportamenti orientati alla protezione dell&#8217;ambiente e allo sviluppo sostenibile, attraverso campagne di opinione, progetti, informazione ed educazione ambientali, iniziative sul territorio. L&#8217;attivit\u00e0 di studio, oltre a fornire una solida base scientifica alle iniziative dell&#8217;associazione, rappresenta una delle principali fonti di autofinanziamento.<\/p>\n<p style=\"text-align: justify;\">Dell&#8217;associazione fanno parte soci di diverse culture e posizioni politiche.<br \/>\nFra i movimenti ambientalisti, essa si distingue perch\u00e9 il suo scopo \u00e8 ricercare, al di l\u00e0 della facile protesta, soluzioni concrete ai problemi e contribuire alla realizzazione di riforme ambientali.<\/p>\n<p style=\"text-align: justify;\">Gli Amici della Terra sono protagonisti attivi dell&#8217;evoluzione delle<strong> politiche ambientali\u00a0<\/strong>in Italia. Attraverso il referendum sui controlli ambientali, nel 1992, hanno contribuito in maniera determinante all&#8217;istituzione del sistema delle Agenzie per la protezione ambientale in Italia. Sono stati fra i primi ad approfondire e diffondere nel nostro paese i principi dello<strong> sviluppo sostenibile<\/strong> e rappresentano oggi uno degli ambiti pi\u00f9 fertili nella valutazione delle politiche pubbliche e nell&#8217;elaborazione di strategie di sostenibilit\u00e0 ambientale.<\/p>\n<p style=\"text-align: justify;\">Dopo la campagna contro l&#8217;energia nucleare degli anni &#8217;70 e &#8217;80, gli Amici della Terra hanno mantenuto una forte iniziativa sull&#8217;uso razionale dell&#8217;<strong>energia<\/strong>, con particolare attenzione agli aspetti tecnologici ed economici del problema.<br \/>\nAttualmente sono impegnati nella promozione dell&#8217;idrogeno, prodotto da fonti rinnovabili, come alternativa strategica all&#8217;uso dei combustibili fossili e come potenziale soluzione al problema delle emissioni di gas serra.<\/p>\n<p style=\"text-align: justify;\">La campagna per una mobilit\u00e0 sostenibile, basata sul calcolo dei costi &#8220;esterni&#8221;, ha visto l&#8217;elaborazione e la diffusione di rapporti periodici sui danni ambientali e sociali provocati dal sistema dei<strong> trasporti<\/strong> in Italia. Proprio sulla base di questi studi, gli Amici della Terra credono che per assicurare nel futuro il diritto alla mobilit\u00e0 debba essere promossa un&#8217;offerta adeguata di trasporto collettivo, in particolare metropolitane e tram, incentivato l&#8217;uso di carburanti poco inquinanti, sviluppato il trasporto merci via mare e, soprattutto, potenziati i servizi ferroviari anche con nuove linee veloci.<\/p>\n<p style=\"text-align: justify;\">Gli Amici della Terra non fanno demagogia sui<strong> rifiuti,<\/strong> come chi dice no agli inceneritori consentendo il proliferare delle discariche. Il nostro paese deve superare le emergenze e abbandonare il ricorso alla discarica, attraverso un sistema integrato che preveda la riduzione a monte dei rifiuti, il recupero e il riuso dei materiali, il recupero di energia. Hanno condotto azioni specifiche per il recupero produttivo degli inerti di scavo.<\/p>\n<p style=\"text-align: justify;\">Sono impegnati, soprattutto attraverso i Club locali, in azioni di promozione e gestione di aree naturali protette, nella prevenzione degli incendi boschivi e in attivit\u00e0 di rimboschimento, nella tutela del<strong> patrimonio naturale e paesaggistico<\/strong> con particolare riferimento alle coste, nelle attivit\u00e0 di vigilanza ambientale, in azioni di tutela degli animali e della biodiversit\u00e0. Fra le numerose attivit\u00e0 di<strong> formazione ed educazione<\/strong> condotte in sede locale, si segnalano per il consenso ottenuto il programma &#8220;Ciao Farfalla&#8221;, per la tutela degli habitat naturali, gestito in collaborazione con la Butterfly Arc di Montegrotto Terme e con altri centri di educazione ambientale in Italia;<\/p>\n<p style=\"text-align: justify;\">la &#8220;Scommessa&#8221;, una campagna degli studenti delle scuole medie superiori che si propongono di ridurre i consumi (e le relative emissioni di gas serra) nelle loro scuole; l&#8217;attivit\u00e0 di formazione professionale ambientale in Lombardia.<\/p>\n<p style=\"text-align: justify;\">Fin dagli anni &#8217;80, gli Amici della Terra hanno condotto la campagna in difesa dell&#8217;<strong>Amazzonia<\/strong> e dei suoi popoli. Hanno realizzato &#8220;Radio Amaz\u00f3nia&#8221;, una rete di radio-ricetrasmittenti alimentate a pannelli solari che conta oltre 200 stazioni su un territorio di 2,5 milioni di Km quadrati. La rete \u00e8 autogestita dalle comunit\u00e0 indigene e consente ad esse di comunicare fra di loro, di prevenire e controllare le emergenze ambientali e sanitarie, di commercializzare i prodotti delle foreste, di difendere culture e tradizioni. L\u2019associazione ha anche realizzato il programma &#8220;Fuoco, emergenza cronica&#8221; che, nelle aree coinvolte, ha finora consentito di evitare fino al 70% dei focolai di incendio.<\/p>\n","protected":false},"excerpt":{"rendered":"<p>Gli Amici della Terra\u00a0 in Italia sono attivi in Italia da oltre 25 anni. Hanno sedi nelle principali citt\u00e0 e sono riconosciuti dal Ministero dell&#8217;Ambiente. Promuovono politiche e comportamenti orientati alla protezione dell&#8217;ambiente e allo sviluppo sostenibile, attraverso campagne di<\/p>\n","protected":false},"author":1,"featured_media":0,"parent":0,"menu_order":0,"comment_status":"closed","ping_status":"closed","template":"","meta":{"footnotes":""},"class_list":["post-8","page","type-page","status-publish","hentry"],"_links":{"self":[{"href":"https:\/\/www.amicidellaterra-nebrodi.org\/blog\/index.php?rest_route=\/wp\/v2\/pages\/8","targetHints":{"allow":["GET"]}}],"collection":[{"href":"https:\/\/www.amicidellaterra-nebrodi.org\/blog\/index.php?rest_route=\/wp\/v2\/pages"}],"about":[{"href":"https:\/\/www.amicidellaterra-nebrodi.org\/blog\/index.php?rest_route=\/wp\/v2\/types\/page"}],"author":[{"embeddable":true,"href":"https:\/\/www.amicidellaterra-nebrodi.org\/blog\/index.php?rest_route=\/wp\/v2\/users\/1"}],"replies":[{"embeddable":true,"href":"https:\/\/www.amicidellaterra-nebrodi.org\/blog\/index.php?rest_route=%2Fwp%2Fv2%2Fcomments&post=8"}],"version-history":[{"count":8,"href":"https:\/\/www.amicidellaterra-nebrodi.org\/blog\/index.php?rest_route=\/wp\/v2\/pages\/8\/revisions"}],"predecessor-version":[{"id":1312,"href":"https:\/\/www.amicidellaterra-nebrodi.org\/blog\/index.php?rest_route=\/wp\/v2\/pages\/8\/revisions\/1312"}],"wp:attachment":[{"href":"https:\/\/www.amicidellaterra-nebrodi.org\/blog\/index.php?rest_route=%2Fwp%2Fv2%2Fmedia&parent=8"}],"curies":[{"name":"wp","href":"https:\/\/api.w.org\/{rel}","templated":true}]}}