{"id":65,"date":"2010-09-23T16:07:46","date_gmt":"2010-09-23T15:07:46","guid":{"rendered":"http:\/\/www.amicidellaterra-nebrodi.org\/blog\/?page_id=65"},"modified":"2022-01-22T06:33:43","modified_gmt":"2022-01-22T05:33:43","slug":"gli-amici-della-terra-in-sicilia","status":"publish","type":"page","link":"https:\/\/www.amicidellaterra-nebrodi.org\/blog\/?page_id=65","title":{"rendered":"Gli Amici della Terra in Sicilia"},"content":{"rendered":"<p>In Sicilia l\u2019Associazione \u00e8 presente con strutture organizzate in nove province ed \u00e8 Associazione Ambientalista riconosciuta ai sensi della L.R. 1 settembre 1977, n.33 e partecipa con un proprio rappresentante al Comitato Regionale Faunistico Venatorio, istituito ai sensi dell\u2019art. 12 della L.R. 33\/97.<\/p>\n<p>L\u2019Associazione&nbsp; partecipa ai lavori del&nbsp; C.R.P.P.N. (Consiglio Regionale per la Protezione del Patrimonio naturale) istituito ai sensi dell\u2019art. della L.R. 6 maggio 1981, n.98 con un proprio componente. Per il quinquennio 2017-2022 \u00e8 l&#8217;Arch. Carlo Foder\u00e0.<\/p>\n<p>In attuazione dell&#8217;articolo 8, comma 1 del Regolamento CE n. 1260 del 1999, l\u2019Associazione con un proprio componente, partecipa sin dalla sua istituzione, ai lavori del Comitato regionale di cui al decreto assessoriale 29 gennaio 1999, n. 6 e successive integrazioni successivamente denominato &#8220;<strong>Forum della concertazione<\/strong>&#8220;.<\/p>\n<p>Al Comitato spetta il compito di:<\/p>\n<p>a) esprimersi sul Complemento di programmazione e sulle eventuali proposte di adeguamento;<br \/>\nb) formulare proposte per la regolare e corretta attuazione del POR;<br \/>\nc) proporre eventuali modificazioni al Complemento di programmazione;<br \/>\nd) indicare le rappresentanze sociali ed economiche in seno al Comitato di sorveglianza del POR 2000-2006.<\/p>\n<p>Il Comitato \u00e8 presieduto dal Presidente della Regione o suo delegato e si riunisce con cadenza almeno semestrale.<\/p>\n<p>Per le medesime finalit\u00e0 partecipa ad i forum organizzati dalle Province Regionali e dagli Enti promotori dei PIT e dai vari attori dello sviluppo locale.<\/p>\n<p>L\u2019Associazione, in partenariato con la <strong>Presidenza<\/strong><strong> della Regione Siciliana <\/strong>&#8211; Dipartimento della Programmazione &#8211; Servizio della Comunicazione, provvede alla diffusione capillare sul territorio siciliano, attraverso la propria rete organizzativa, delle informazioni, del materiale e dei bandi relativi all\u2019attuazione delle misure del POR al fine di ampliare il pi\u00f9 possibile la partecipazione di tutti i potenziali soggetti interessati e il pieno utilizzo delle risorse finanziarie disponibili. Svolge attivit\u00e0 di sportello e mette a disposizione le informazioni sul sito <a href=\"http:\/\/www.bibliotecheinrete.it\/\">www.bibliotecheinrete.it<\/a> direttamente dall\u2019home page: <strong><em>La Sicilia<\/em><\/strong><strong><em> in Europa.<\/em><\/strong><\/p>\n<p>L\u2019Associazione Partecipa al <em>Forum per lo Sviluppo Rurale<\/em> istituito con D.A. n. 613 del 4 luglio 2002.<\/p>\n<p>L\u2019Associazione \u00e8 accreditata presso l\u2019ARPA Sicilia e collabora per la realizzazione della Rete In.FEA. (<strong>In<\/strong>formazione <strong>F<\/strong>ormazione <strong>E<\/strong>ducazione <strong>A<\/strong>mbientale).<\/p>\n<p>Nell\u2019ambito del bando &#8220;<strong>Sperimentazione di modelli innovativi di educazione e formazione ambientale<\/strong>&#8220;, Progetto pilota 3 del Piano Regionale di avvio dell\u2019organizzazione In.F.E.A. in Sicilia \u00e8 stato finanziato ed attuato in tre sedi siciliane di Amici della Terra \/Agrigento, Etna, Nebrodi) il Progetto \u201c<strong>Oltre i Sensi Unici <\/strong>&#8211; Percorsi Didattico Naturalistici sull\u2019Olfatto, Tatto e Udito\u201d, risultato&nbsp;2\u00b0 classificato nella graduatoria regionale.<\/p>\n<p>La sede legale dell\u2019Associazione Regionale si trova a Viagrande<em>&nbsp;(Catania)<\/em>.<\/p>\n<p>In vari comuni del territorio siciliano vengono svolte varie attivit\u00e0 con l\u2019ausilio di soci, sfruttando le peculiarit\u00e0 e le professionalit\u00e0 ed attitudini dei soci stessi.<br \/>\nDi seguito si riportano, in forma sintetica, le principali iniziative e attivit\u00e0 che sono in fase di attuazione da parte del <strong>Club Nebrodi<\/strong>.<\/p>\n<p>Il Club Nebrodi \u00e8 nato nel gennaio 1991 e conta circa 100 soci attivisti e molti aderenti. Di questi circa 24 soci hanno frequentato il corso di formazione, autorizzato dalla Ripartizione Faunistica Venatoria di Messina, organizzato dall\u2019Associazione ai sensi della L.R. 1 settembre 1997, n.33, di \u201c<strong>Guardie Venatorie ed Ambientaliste\u201d<\/strong> per lo svolgimento di funzioni di vigilanza sull\u2019esercizio venatorio, sulla tutela dell\u2019ambiente e della fauna, sulla pesca nelle acque interne e sulla salvaguardia delle colture agricole e delle attivit\u00e0 zootecniche.<\/p>\n<p>Nell\u2019anno 2004\/2005 hanno svolto il Servizio Civile per lo svolgimento delle varie attivit\u00e0 n. 34 volontari assegnati dalla Presidenza del Consiglio dei Ministri UNSC e n.4 obiettori di coscienza.<\/p>\n<p>PROGETTI SVOLTI E ATTIVI<\/p>\n<p><strong>Alcara Li Fusi<\/strong>:<br \/>\nIn convenzione con il Comune attivit\u00e0 di escursionismo e di assistenza per la fruizione della Grotta del Lauro e dei sentieri naturalistici all\u2019interno del Parco dei Nebrodi &#8211; Turismo culturale.<br \/>\nAttivit\u00e0 di studio delle componenti ambientali dei vari itinerari naturalistici.<br \/>\nProposta di idee progettuali per il miglioramento ed il mantenimento dei sentieri individuati.<br \/>\nOrganizzazione e gestione, in collaborazione con il Comune, di attivit\u00e0 di divulgazione e di promozione dei beni ambientali e campagne di sensibilizzazione al rispetto dell\u2019ambiente e della natura.<\/p>\n<p><strong>Capo d\u2019Orlando<\/strong>:<br \/>\nGestione Biblioteca &#8211; Centro di documentazione ambientale dell\u2019Associazione attivata sin dall\u2019anno 1998 (Biblioteca inserita nello schedario informatizzato della Regione Siciliana con il N\u00b0 5.011.3.1717). Il patrimonio librario e documentale \u00e8 di oltre 5000 volumi.<br \/>\nGestione Laboratorio didattico di Educazione Ambientale ubicato all\u2019interno del parco di Villa Piccolo in contrada Malvicino.<br \/>\nProgettazione e Gestione Progetto \u201c<strong>Biblioteche in rete<\/strong>\u201d con l\u2019impiego di n\u00b0 6 volontari che svolgono il servizio civile ai sensi della legge 64\/2001.<br \/>\nProgettazione e gestione Progetto \u201c<strong>Salvaguardia e fruizione del bosco di Amola<\/strong>\u201d con l\u2019impiego di n\u00b0 6 volontari che svolgono il servizio civile ai sensi della legge 64\/2001.<br \/>\nAdesione, in qualit\u00e0 di partner, al progetto denominato \u201c<strong>Dal Tempio di Ercole alla Mostra Vita e Paesaggio di Capo d\u2019Orlando<\/strong>&#8220;, promosso dal Comune, misura 2.02, azione D &#8211; P.O.R. Sicilia 2000-2006.<\/p>\n<p><strong>Galati Mamertino<\/strong>:<br \/>\n1. Gestione su progetto predisposto dall\u2019Associazione dell\u2019area faunistica del Capriolo nel territorio di Galati Mamertino (ME) giusta convenzione stipulata con l\u2019Ente Parco dei Nebrodi ed il Comune di Galati Mamertino sin dal 2001, che prevede:<\/p>\n<ul>\n<li>Vigilanza e tutela dell\u2019area nonch\u00e9 dei caprioli in essa ospitati;<\/li>\n<li>Manutenzione ordinaria dell\u2019area;<\/li>\n<li>Attivit\u00e0 di educazione ambientale rivolta alla popolazione scolastica dei Comuni pi\u00f9 coinvolti territorialmente nonch\u00e9 al personale docente (lezioni teoriche, attivit\u00e0 laboratoriali, proiezioni video e diapositive);<\/li>\n<li>Gestione del centro visite;<\/li>\n<li>Gestione faunistica.<\/li>\n<\/ul>\n<p>2. Progettazione e gestione Progetto \u201cSalvaguardia e fruizione del patrimonio ambientale del Parco Regionale naturale dei Nebrodi\u201d con l\u2019impiego di n\u00b0 6 volontari che svolgono il servizio civile ai sensi della legge 64\/2001.<\/p>\n<p><strong>San Marco d\u2019Alunzio:<br \/>\n<\/strong>Attivit\u00e0 di educazione ambientale e di promozione del turismo culturale e naturalistico.<br \/>\nCampagne di sensibilizzazione ed attivit\u00e0 di vigilanza ambientale.<br \/>\nAdesione, in qualit\u00e0 di partner, al progetto denominato &#8220;<strong>CIVILT\u00c0 ITALO-GRECA NEL VALDEMONE &#8211; <em>Echi di Bisanzio in Occidente<\/em><\/strong>\u201d, promosso dal Comune di San Marco d&#8217;Alunzio, misura 2.02, azione D &#8211; P.O.R. Sicilia 2000-2006, nell\u2019ambito delle iniziative promosse e curate dal <strong>Museo della Cultura e delle Arti Figurative Bizantine e Normanne.<br \/>\n<\/strong>Adesione al progetto per la realizzazione e gestione di un \u201c<strong>Centro per la memoria delle cave e la cultura dei materiali di pregio dei Nebrodi e della Sicilia<\/strong>\u201d.<\/p>\n<p><strong>Parco dei Nebrodi<\/strong>:<br \/>\nAttivit\u00e0 di volontariato, vigilanza, campagne di informazione e sensibilizzazione. Escursionismo, visite guidate, educazione ambientale. <em>Operazione Parco Pulito<\/em>, campagna di sensibilizzazione ed attivit\u00e0 legate all\u2019iniziativa \u201c<em>Io vado al Parco<\/em>\u201d.<br \/>\nPartecipazione attiva al forum del partenariato del PIT Nebrodi.<br \/>\nProgettazione e gestione Progetto \u201c<em>Salvaguardia e fruizione del patrimonio ambientale del Parco Regionale naturale dei Nebrodi<\/em>\u201d con l\u2019impiego di n\u00b0 6 volontari che svolgono il servizio civile ai sensi della legge 64\/2001.<\/p>\n<p><strong>Parco dei Nebrodi &#8211; Comuni di<\/strong> <strong>San Marco d\u2019Alunzio, Longi, Alcara&nbsp; li Fusi e Frazzan\u00f2<br \/>\n<\/strong>Progettazione e gestione Progetto \u201c<strong>Vivere il Territorio del Parco dei Nebrod<\/strong>i\u201d con l\u2019impiego di n\u00b0 16 volontari, con attivit\u00e0 da svolgere nei Comuni di <strong>San Marco d\u2019Alunzio, Longi, Alcara li Fusi e Frazzan\u00f2<\/strong> Servizio Civile ai sensi della Legge 64\/2001 e prevede la salvaguardia del patrimonio ambientale, la valorizzazione dei centri storici, la tutela ed incremento del patrimonio forestale ed interventi di animazione del territorio.<strong>&nbsp;<\/strong><\/p>\n<p><strong>Scuole del Territorio dei Nebrodi:<br \/>\n<\/strong>Attivit\u00e0 di Educazione ambientale, grazie all\u2019impegno di alcuni soci di comprovata esperienza, Volontari del servizio Civile, ecc.<\/p>\n<p>L&#8217;Associazione collabora con <strong>Enti pubblici e privati, Universit\u00e0, Enti di formazione<\/strong>.<\/p>\n<p>In particolare con <strong>l\u2019Universit\u00e0 di Pisa<\/strong> l\u2019Associazione collabora ad una ricerca sugli Insetti.<\/p>\n<p>Con l<strong>\u2019Universit\u00e0 di Messina<\/strong>, l\u2019Associazione ha siglato una Convenzione al fine di \u201c<em>agevolare le scelte professionali mediante la conoscenza diretta del lavoro e realizzare momenti di alternanza tra studio ed applicazione delle conoscenze nell\u2019ambito di processi formativi<\/em>\u201d. La Convenzione prevede lo svolgimento presso le strutture dell\u2019Associazione Amici della Terra, attivit\u00e0 di tirocinio e stages di formazione ed orientamento a&nbsp;beneficio degli studenti iscritti ai corsi di laurea della facolt\u00e0 di Lettere e Filosofia e dei laureati iscritti a corsi post laurea.<\/p>\n<p>Con il Comune di <strong>Capo d\u2019Orlando<\/strong> \u00e8 stato siglato un protocollo d\u2019intesa per la gestione di un laboratorio didattico di educazione ambientale <strong>al servizio di tutte le scuole di ogni ordine e grado<\/strong> esistenti nel territorio comunale di Capo d\u2019Orlando e <strong>di tutto il territorio dei Nebrodi<\/strong>, che prevede:<\/p>\n<ul>\n<li><strong>Attivit\u00e0 di educazione ambientale rivolte sia agli alunni che ai docenti<\/strong><\/li>\n<li><strong>Servizi di archiviazione, catalogazione, consultazione e documentazione e ricerche bibliografiche<\/strong><\/li>\n<li><strong>Prestito libri<\/strong><\/li>\n<li><strong>Consulenza e collaborazione per lo svolgimento di studi, ricerche e tesi di laurea<\/strong><\/li>\n<li><strong>Promozione del turismo naturalistico e culturale<\/strong><\/li>\n<li><strong>Informazioni ai residenti ed ai visitatori.<\/strong><\/li>\n<\/ul>\n<p>Il laboratorio, frequentato da studenti e docenti di ogni ordine e grado, <strong>dispone del patrimonio librario e dei supporti didattici (Video, diapositive, CD Rom, mappe, ecc.) del Centro di documentazione ambientale e della Biblioteca dell\u2019Associazione.<\/strong><\/p>\n<p><strong>La Biblioteca<\/strong><strong> &#8211; Centro di documentazione ambientale, degli Amici della Terra<\/strong><\/p>\n<p>Importante iniziativa e vanto dell\u2019Associazione \u00e8 la Biblioteca &#8211; Centro di Documentazione Ambientale, sita in Capo d\u2019Orlando, in contrada Malvicino nei locali siti nel parco di Villa Piccolo.<\/p>\n<p>La Biblioteca \u00e8 aperta al pubblico sin dall\u2019anno 1998, ed \u00e8 inscritta al N\u00b0 5.011.3.1717 dello schedario informatizzato tenuto dalla Regione Siciliana e dispone di un Regolamento e di un Direttore Responsabile.<\/p>\n<p>La Biblioteca \u00e8 riconosciuta dall\u2019Assessorato Regionale Beni Culturali ed \u00e8 regolarmente aperta al pubblico tutti i giorni anche grazie alla presenza dei Volontari del Servizio Civile Nazionale che operano nell\u2019ambito di un preciso progetto dal titolo \u201cBiblioteche in rete\u201d.<\/p>\n<p>L\u2019Associazione ha cos\u00ec individuato un modello gestionale pi\u00f9 idoneo ed innovativo nel campo dei beni culturali ed ambientali con la finalit\u00e0 di mettere in rete le Biblioteche minori della nostra Regione nonch\u00e9 di promuovere il turismo culturale e naturalistico.<\/p>\n<p>Al progetto hanno&nbsp; aderito diversi Enti Pubblici.<\/p>\n<p><span style=\"text-decoration: underline;\">La Biblioteca \u00e8 consultabile su <a href=\"http:\/\/pprn.infoteca.it\/bw5ne2\/Opac.aspx?WEB=AMTR&amp;SRC=SSMP\" target=\"_blank\" rel=\"noopener\">OPAC<\/a><\/span><\/p>\n<p>Nell\u2019anno 2002, con protocollo siglato in data 06.02.02 con il <strong>Comune di Capo d\u2019Orlando<\/strong> l\u2019Associazione ha collaborato gratuitamente all\u2019attuazione del <strong>Progetto ECHO (Legge 216\/91, art. 4<\/strong> ), rivolto a minori da 14 a 18 anni, svolgendo le seguenti attivit\u00e0:<\/p>\n<ul>\n<li>Educazione ambientale rivolta a 10 minori individuati nell\u2019ambito del Progetto Echo;<\/li>\n<li>Informazioni e servizi di documentazione e prestito del patrimonio librario, video e documentale;<\/li>\n<\/ul>\n<p>Medesima disponibilit\u00e0 \u00e8 stata data al <strong>Comune di Sant\u2019Agata Militello<\/strong> per il Progetto \u201c<strong>Il Giardino dei Nebrodi<\/strong>\u201d.<\/p>\n<p>Dall\u2019anno 2008, l\u2019Associazione \u00e8 editore della rivista <strong>Paleokastro<\/strong> ed ha effettuato la pubblicazione dei primi&nbsp;numeri a diffusione regionale.<\/p>\n","protected":false},"excerpt":{"rendered":"<p>In Sicilia l\u2019Associazione \u00e8 presente con strutture organizzate in nove province ed \u00e8 Associazione Ambientalista riconosciuta ai sensi della L.R. 1 settembre 1977, n.33 e partecipa con un proprio rappresentante al Comitato Regionale Faunistico Venatorio, istituito ai sensi dell\u2019art. 12<\/p>\n","protected":false},"author":2,"featured_media":0,"parent":8,"menu_order":0,"comment_status":"closed","ping_status":"closed","template":"","meta":{"footnotes":""},"class_list":["post-65","page","type-page","status-publish","hentry"],"_links":{"self":[{"href":"https:\/\/www.amicidellaterra-nebrodi.org\/blog\/index.php?rest_route=\/wp\/v2\/pages\/65","targetHints":{"allow":["GET"]}}],"collection":[{"href":"https:\/\/www.amicidellaterra-nebrodi.org\/blog\/index.php?rest_route=\/wp\/v2\/pages"}],"about":[{"href":"https:\/\/www.amicidellaterra-nebrodi.org\/blog\/index.php?rest_route=\/wp\/v2\/types\/page"}],"author":[{"embeddable":true,"href":"https:\/\/www.amicidellaterra-nebrodi.org\/blog\/index.php?rest_route=\/wp\/v2\/users\/2"}],"replies":[{"embeddable":true,"href":"https:\/\/www.amicidellaterra-nebrodi.org\/blog\/index.php?rest_route=%2Fwp%2Fv2%2Fcomments&post=65"}],"version-history":[{"count":14,"href":"https:\/\/www.amicidellaterra-nebrodi.org\/blog\/index.php?rest_route=\/wp\/v2\/pages\/65\/revisions"}],"predecessor-version":[{"id":1315,"href":"https:\/\/www.amicidellaterra-nebrodi.org\/blog\/index.php?rest_route=\/wp\/v2\/pages\/65\/revisions\/1315"}],"up":[{"embeddable":true,"href":"https:\/\/www.amicidellaterra-nebrodi.org\/blog\/index.php?rest_route=\/wp\/v2\/pages\/8"}],"wp:attachment":[{"href":"https:\/\/www.amicidellaterra-nebrodi.org\/blog\/index.php?rest_route=%2Fwp%2Fv2%2Fmedia&parent=65"}],"curies":[{"name":"wp","href":"https:\/\/api.w.org\/{rel}","templated":true}]}}